- 9149. What is the thousands digit of b?
3
Suppose 150*p - 933 = 153*p. Let b = 84 - p. What is the units digit of b?
5
Let t = 125 + -120. Suppose 0 = -4*c - 5*m + 221, -4*c - 8*m + 211 = -t*m. What is the units digit of c?
9
Let x = 2553 + -2177. Let g be (-50)/(-8) + 2/(-8). Suppose -g*v + x = -98. What is the units digit of v?
9
Suppose 44121 = -41*g + 48*g. What is the tens digit of g?
0
Let w = -120981 + 186808. What is the hundreds digit of w?
8
Let r be (-167618)/(-12) + (-24)/144. Suppose 0 = -8*q - 848 + r. What is the tens digit of q?
4
Suppose -5*d + 245 = -420. Suppose 552 = -4*u + 6*u. Let v = u - d. What is the units digit of v?
3
Suppose -5*n = 3*u + 230 - 1132, 2*n - 4*u - 366 = 0. Suppose 17*h + 48 = 16*h + 4*t, -5*h - 290 = 5*t. Let o = n - h. What is the hundreds digit of o?
2
Let a(h) = -h**3 - 84*h**2 - 165*h + 18. What is the hundreds digit of a(-84)?
8
Let d(o) = -4*o + 13. Let l be (-12)/(0 + (-1)/2*4). Let s be d(l). Let t(c) = -11*c + 10. What is the hundreds digit of t(s)?
1
What is the thousands digit of 3/(-18)*4 - (-2266610)/102?
2
Let a(l) = -13*l + 13. Let i(n) = 45*n - 52 + 9*n - 3*n. Let x(p) = -26*a(p) - 6*i(p). What is the hundreds digit of x(6)?
1
Let d = -95 - -1768. Let q = -652 + d. What is the thousands digit of q?
1
Suppose -5*z - 4 = -5*i + 26, -i + 3*z + 10 = 0. Suppose -2*p + i*p = -4*f + 2222, 0 = 3*f + p - 1666. What is the units digit of f?
5
Let k(q) = -20*q + 349. Let y be k(16). Suppose -f + 229 = -y. What is the hundreds digit of f?
2
Suppose -40 = -5*r - b, 4*r - b - 20 = 12. What is the tens digit of (-2)/((3/(-293))/(12/r))?
9
Let c be 1*(3 + -7) + 4 + 2524. Let g = c + -1066. What is the hundreds digit of g?
4
Let a(y) = -2*y**3 - 6*y**2 - y + 4. Let u be a(-2). What is the tens digit of ((u/6)/(-1))/(5/3495)?
3
What is the units digit of (-3)/((-3)/(-3713))*(-20)/200*10?
3
Let j(l) = 17*l**2 + 17*l - 203. What is the tens digit of j(-10)?
2
What is the thousands digit of (-18*1179/(-15))/(9/30)?
4
Suppose 12 = -47*n + 50*n. Suppose 7*q - n*q + 8 = z, -5*q - 28 = 2*z. What is the hundreds digit of q/20*-5 - -222?
2
Let v(h) = h**3 + 9*h**2 - 5. Let z be v(-4). Let g = z + -18. Suppose g = 4*p - 367. What is the tens digit of p?
0
Let u = 5872 - -18915. What is the units digit of u?
7
Let l be ((32/20)/(-4))/((-1)/60). Suppose -3*j - 12 = l. What is the tens digit of (-3)/j - (-470)/8 - -1?
6
Let o(j) = 168*j**2 + 45*j - 345. Let h(t) = 33*t**2 + 9*t - 69. Let i(c) = 11*h(c) - 2*o(c). What is the units digit of i(6)?
7
Let u(q) = -q - 1. Suppose 0 = 5*i + 3 - 13. Let g(c) = -21*c. Let m(b) = i*u(b) + g(b). What is the tens digit of m(-1)?
2
Suppose 0 = 1234*p - 1354*p + 5567760. What is the hundreds digit of p?
3
What is the units digit of 13/(338/1781)*458?
3
Suppose 31307 = -10*l + 13*l - h, 2*h = -l + 10438. What is the thousands digit of l?
0
Suppose 2*b = r - 13, -3*r + 0*b - 2*b + 7 = 0. Suppose 5*p - r*l = 655, -p + 3*p = -l + 262. What is the tens digit of p?
3
Suppose 4*i = -3*o - 3, -3*i - 3*o - 3 = -0*o. Suppose i*h + h + 1 = 0. What is the tens digit of h/((-374)/124 - -3)?
6
What is the hundreds digit of 1/((-19821)/(-4955) - (4 - (1 + -1)))?
9
Let d(g) = -4713*g + 267. What is the hundreds digit of d(-1)?
9
Let z(k) = -18*k**2 + 2*k + 22479. What is the tens digit of z(0)?
7
Suppose 2*u = a - 3*u, -17 = -3*a - 2*u. Suppose a*o - 2698 = -703. Suppose 123 = 4*m - 3*m + r, -3*m + 3*r + o = 0. What is the hundreds digit of m?
1
Let d(t) = -206*t - 3074. What is the units digit of d(-78)?
4
Suppose -5*w - 4*g + 142600 = 0, -7*g = -w + 15324 + 13235. What is the tens digit of w?
2
Suppose -5*s + 22 = -8. What is the hundreds digit of 3/(36684/6112 - s)?
5
Suppose 415773 = 15*j + 254026 - 568933. What is the units digit of j?
2
Let g(k) = 70*k - 16. Let d be g(2). Let p = -97 + d. What is the tens digit of p?
2
Suppose 5*m - 2*q - 250395 = 0, 19*q + 50082 = m + 18*q. What is the thousands digit of m?
0
Suppose 3*z + 189 = -5*l - 247, -2*l - 182 = 5*z. What is the units digit of 1020 - (50/225 + l/(-18))?
5
Let v = -3880 + 5812. Suppose 0 = 44*s - 37*s - v. What is the units digit of s?
6
Let d(f) = -74*f - 38. Let y(l) = 3*l + 1 + 6*l + 5*l - 16*l. Let u(s) = d(s) - 3*y(s). What is the units digit of u(-4)?
1
Let k = 405 + -401. Let v(f) = 21*f**2 - 6*f - 5. What is the hundreds digit of v(k)?
3
Let g(o) = 52 - 3*o**2 + 18*o - 67 + 2*o**2. Let f(q) = q**3 + 5*q**2 + q - 4. Let t be f(-4). What is the tens digit of g(t)?
6
Let p(w) = 2*w**3 - 16*w**2 + 65*w - 24. What is the tens digit of p(15)?
0
Let z(i) be the second derivative of 31*i + 3*i**2 + 0 + 14/3*i**3. What is the hundreds digit of z(7)?
2
Suppose 3*o - 132875 = -5*d, -2*d - 123*o = -119*o - 53136. What is the thousands digit of d?
6
Let p(b) = -3*b**3 - 112*b**2 + 7*b - 64. What is the hundreds digit of p(-38)?
5
Suppose 16*p = 3*r + 13*p - 330, 2*r - 4*p - 214 = 0. Suppose 26 = 4*o + 2*g, -g = 5*o - o - 23. Suppose -o*b + r = -4*b. What is the hundreds digit of b?
1
Let s(c) = -352*c. Let b be s(-1). Let a be (b/10)/(5/50). Suppose a = v + 10*v. What is the units digit of v?
2
Let q be (-11)/(-4) + (-9)/24*2. Let b(a) = -q*a + 5*a - 35 - 18*a. What is the hundreds digit of b(-9)?
1
Let k = -15235 - -25723. What is the tens digit of k?
8
Let l(j) be the third derivative of j**5/60 - j**4/2 - 17*j**3/2 + 73*j**2. What is the tens digit of l(20)?
0
Let c(l) = l**3 - 11*l**2 + 11*l - 10. Let u be c(10). Suppose 4*b - 2771 - 1065 = u. What is the units digit of b?
9
Let p(v) = 23*v - 270. Let l be p(13). What is the hundreds digit of 16/10*(l + 421)?
7
Let r = 7880 + -4343. What is the tens digit of r?
3
Suppose 0 = -5*y + 191 - 181. Let s(c) = 429*c - 36. What is the hundreds digit of s(y)?
8
What is the units digit of 2/10*5 - (-10673 + -7)?
1
Let f be (565/4)/5 - 12/(-16). Suppose -f*a = 10602 - 40211. What is the hundreds digit of a?
0
Let x(b) = -b**2 - 13*b - 25. Let k be x(-10). Suppose 3*i + 464 = -k*i. Let d = -18 - i. What is the tens digit of d?
4
Suppose 10 = 2*d, r = 2*r + 5*d - 374. Suppose -y + r + 1954 = 5*v, -3*v + 1389 = -3*y. What is the units digit of v?
1
What is the hundreds digit of (2/(-6))/((-588180)/(-588195) - 1)?
0
Suppose 11514 = 2*u - 5*d - 7389, 0 = -4*u - 2*d + 37818. What is the thousands digit of u?
9
What is the units digit of 13176/549*(-5493)/(-10)*(-5)/(-6)?
6
Let p(r) = -45*r + 815. What is the units digit of p(-3)?
0
Suppose 5*p - 4700 = -5*q, p + 5*q - 3*q = 935. Suppose -4*w - 3*h - 20 + p = 0, 0 = -5*h - 25. What is the hundreds digit of w?
2
What is the hundreds digit of ((-5)/((-50)/8956))/((-3)/(-105))?
3
Let w = 672 - 679. What is the tens digit of 1 - 7/w*231?
3
Suppose 4*s = 32 + 76. Suppose -11*y + 39 = -s. Suppose 7*h + y*h - 2834 = 0. What is the hundreds digit of h?
2
Suppose 5*c - 7*c + 17492 = 5*t, 0 = -5*t + c + 17474. What is the tens digit of t?
9
Suppose g - q + 6*q - 19 = 0, -5*q = -4*g + 1. What is the tens digit of (-1644)/(-2) - (g - (1 - -8))?
2
Let r(b) = -1107*b - 6888. What is the thousands digit of r(-13)?
7
Suppose 48 = -26*x + 28*x. Suppose 19*k = x*k + 915. Let q = 38 - k. What is the units digit of q?
1
Suppose r - 3*h + 4 = -0, -5*h - 12 = 3*r. Let x be ((-14)/r)/7*20. Suppose -4*n + x - 153 = -t, -3*t = 4*n - 381. What is the tens digit of t?
3
Let q(c) = -c**3 + 2*c**2 - 2*c + 4. Let x be q(2). Suppose -35*a = 2*j - 40*a - 221, x = -j - 5*a + 118. What is the tens digit of j?
1
Suppose -3*i - 5*v = 8, -19*i + 5*v = -17*i - 3. What is the units digit of (-15568)/(-16)*(2 + i)?
3
Let m(x) = -20*x - 22. Suppose 139 = 2*a - 33. Let i = 75 - a. What is the tens digit of m(i)?
9
Let b = -35198 + 85193. What is the ten thousands digit of b?
4
What is the tens digit of 157/(-628) + (4342/24 - (-6)/(-9))?
8
Let o = 99 - 26. Let f = o - -322. What is the hundreds digit of f?
3
Let a(y) = 97*y**2 + 29*y - 226. What is the units digit of a(7)?
0
Let j = 28 - 25. Suppose j*n - 4*n = -5, 5*f - 30 = -2*n. Suppose 4*m = 4*y + 272, 0 = f*m - 2*y - 169 - 97. What is the units digit of m?
5
What is the tens digit of (4*(-1)/5)/(44/(-478830))?
0
Suppose -4*h + 4*l = -392562 + 59826, 0 = -3*h + 2*l + 249561. What is the tens digit of h?
9
Suppose 18 = -3*s - 0. Wha